k(q) be the third derivative of 1/8*q**4 + 0 - 1/3*q**3 + 0*q + 18*q**2 - 1/60*q**5. Suppose -10*x + 7*x = -9. Determine k(x).
-2
Suppose 55 = 3*i + 16. Suppose 0 = -4*m - i - 3. Let j(t) = 183*t + 3. Let v(b) = -131*b - 2. Let f(a) = 5*j(a) + 7*v(a). Determine f(m).
9
Let a(v) = -13*v - 143. Let t(h) = 2. Let p(b) = a(b) - 52*t(b). Calculate p(-19).
0
Let x = 13 + -11. Let n(f) = 2*f - 435*f**2 + 463*f**x - 2*f. What is n(1)?
28
Let f(d) = 4*d**2 - 3*d - 4. Let h(m) = m**3 + 84*m**2 - 540*m - 3. Let j be h(6). Calculate f(j).
41
Let v(o) = -o**3 - 7*o**2 - 5*o - 1. Let b(i) = i**2 + 7*i - 12. Let y be b(-8). Let l be y/(-14)*(-1 + -20). Determine v(l).
-7
Let i(a) = -a**3 - 10*a**2 + 2*a - 14. Let u be (-16)/(-32)*(7 + 29)/(-3). Determine i(u).
-170
Let v(m) = m**2 + 7*m - 2. Let i(d) be the first derivative of d**3/6 - 6*d**2 - d - 18. Let p(f) be the first derivative of i(f). Let r be p(5). What is v(r)?
-2
Suppose 13 = -2*f + 17. Let n(b) = 9*b + 13. Let t(v) = 5*v + 5. Let w(m) = f*n(m) - 5*t(m). Give w(1).
-6
Let u(n) = -6*n + 338. Let a be 57 - 0 - 13/13. Let q be u(a). Let f(r) = -r**2 + 3*r - 5. What is f(q)?
-3
Suppose 3*d - d = 3*c - 5, 2 = -2*c + 4*d. Let t be 5/(-15)*(-3 + -9). Let p(j) = 0*j + t*j + 5*j + 3 - 3*j. Determine p(c).
21
Let t(s) be the first derivative of s**2 - 8*s + 8. Let k = 21 + -13. Suppose -k*o - 6 = -9*o. Determine t(o).
4
Let m(j) = -7*j**3 - 50*j**2 + 24*j + 36. Let h(p) = p**3 + 6*p**2 - p. Let x(f) = 6*h(f) + m(f). Calculate x(-15).
-9
Let h(i) = 3*i**2 - 62*i + 119. Let s be h(2). Let l(y) = -3*y**2 - 6*y + 6*y**2 - 8 - 2*y**2. What is l(s)?
-1
Let i(r) = 2*r**3 + 6*r**2 + 1. Let a be (0 + 3/12)*11/((-44)/48). Give i(a).
1
Suppose 0 = 13*w + 6 - 6. Suppose w = -32*u + 35*u. Let g(t) be the third derivative of -t**4/24 - 13*t**3/6 + 2*t**2. Give g(u).
-13
Let h = -1708 + 1711. Suppose s - 17 = -5*p + p, 2*p = -5*s + 31. Suppose 2*q = s*q + h. Let r(v) = -5*v**3 - v - 1. Determine r(q).
5
Let d(c) be the second derivative of -c**6/360 - c**5/30 + c**4/8 + c**3/6 + 4*c**2 + 60*c. Let z(b) be the second derivative of d(b). Determine z(-4).
3
Let v(t) = -11*t**2 - t. Let p(q) = 68*q**2 + 17*q + 5. Let m(r) = p(r) + 6*v(r). Determine m(-4).
-7
Let z = 148 + -140. Let g(c) be the third derivative of -c**5/60 + c**4/3 + 3*c**3/2 - 41*c**2. Calculate g(z).
9
Let t(a) be the first derivative of a**4/4 + 3*a**3 + 5*a**2 - 11*a - 112. What is t(-8)?
-27
Let v = 10 + 0. Let l(k) = 3 - 5*k + 21*k - v*k - 7*k. Calculate l(-3).
6
Let q(u) = -177*u - 4. Let v(f) = 106*f + 4. Let o(z) = -3*q(z) - 5*v(z). Let g be (10/4)/((-3)/(-6)). Calculate o(g).
-3
Let n(j) be the first derivative of -j**4/6 + 2*j**3/3 - 3*j**2/2 - 4*j + 5. Let x(d) be the first derivative of n(d). Let w = -9358 - -9360. What is x(w)?
-3
Let b(v) be the first derivative of -1/3*v**3 + v - 1/2*v**2 + 88 - 1/4*v**4. What is b(-2)?
7
Let d(b) be the first derivative of -b**6/40 - b**5/15 - b**4/12 + b**3/6 + 85*b**2/2 + 39. Let z(x) be the second derivative of d(x). Determine z(-2).
13
Suppose -4*q + 0*q = 8, -4*w - 22 = 3*q. Suppose h = 5*d - 12, -11*d + 2*h = -13*d. Let v(b) = 5*b**2 + 2*b - 56 + 30 + b**3 + d*b + 29. Calculate v(w).
3
Let t(m) be the first derivative of 1/3*m**3 + 2*m**2 + 2*m - 41. Give t(-4).
2
Let j(z) = -3*z - 28. Let t be j(-6). Let w(s) be the first derivative of -s**4/4 - 10*s**3/3 + 11*s - 37. Determine w(t).
11
Suppose 5*i + 128 = 3*x - 95, -3*i - 393 = -5*x. Let z be 1/((-6)/x)*(-8)/6. Suppose 0 = l + 8*l + z. Let n(g) = -g**2 - 2*g - 1. Determine n(l).
-1
Let q(x) = x**3 + 5*x**2 + 21*x + 164. Suppose 179*c = 267*c + 528. Determine q(c).
2
Let f(u) be the first derivative of u**2 + 16*u - 430. Determine f(-12).
-8
Let g(h) be the first derivative of -3*h - 21 + 1/2*h**2. Give g(7).
4
Let g(r) be the first derivative of 0*r**2 + r**2 + 9*r + 2*r + 16 - 9*r. Give g(-8).
-14
Suppose 3*w - 87 = k - 76, 3*w = -k + 1. Let a(r) be the third derivative of w*r**2 - 1/12*r**4 + 2*r**3 + 0 + 0*r. Give a(8).
-4
Let i be 14/(-3)*-8*45/(-420) - 19. Let q(j) = -28*j - 639. What is q(i)?
5
Let d(s) = -3*s + 6*s + s + s - 7*s + 14. Calculate d(-11).
36
Let c(t) = t**3 - 3*t**2 + 17*t - 46. Let i be c(6). Suppose 2*s = 136 - i. Let l(g) = -g**2 - 14*g - 13. Calculate l(s).
-13
Let q(r) = -2*r**2 + 6*r - 51 - 7 + 12*r + 5*r - 10. Determine q(12).
-80
Let o(p) = -6*p - 15. Let b be o(-4). Let x(s) = 5*s**2 - s**3 - 2 - 3*s + 17*s - 10*s**2 - b*s. Give x(-6).
4
Let x(i) = -8*i**2 - 3*i + 2. Let g(r) = -9*r**2 - 4*r + 1. Let y(h) = 6*g(h) - 7*x(h). Let l be y(3). Let w(k) = 23*k**2 + 2*k - 1. Determine w(l).
24
Suppose -2900 = -z - c - 2901, -z + 2 = 2*c. Let t(s) = -s**2 - 2*s + 6. Let p(l) = 2*l**2 + 5*l - 11. Let d(x) = 3*p(x) + 5*t(x). Give d(z).
-7
Let s(w) be the first derivative of -21*w**2/2 + w - 112. Let g = 225 + -224. Calculate s(g).
-20
Let t be 0*(-4)/4*5/550*22. Let g(r) = 2*r**3 - r**2 + 10. Let c(v) = 3*v**3 - v**2 + 10. Let i(z) = -3*c(z) + 4*g(z). What is i(t)?
10
Let y be (4/3)/(((-24)/(-9))/8). Let h(q) = -13*q + 47. Let k be h(y). Let z(u) = u**2 + 7*u + 2. Determine z(k).
-8
Let h = 5401 + -5401. Let g(o) = 1. Let y(a) = -9*a - 26. Let x(c) = -6*g(c) - y(c). Let s(t) = -5*t - 10. Let k(i) = -11*s(i) - 6*x(i). Determine k(h).
-10
Let b(v) be the first derivative of v**4/2 - v**3/3 - 8*v - 2791. Give b(2).
4
Suppose d - 11 = -4. Let j(q) = q**3 + 3*q**2 + 3*q + 2. Let b be j(-2). Let y(f) = b*f + 0*f + 5*f - 4*f - 2. Determine y(d).
5
Let k = -10 - -18. Suppose -13*l + 75 = 2*l. Let b(p) = -l + p**3 - 34*p - 7*p**2 - 38*p + 64*p. What is b(k)?
-5
Suppose -345 = -5*m + 6*m. Let j be (-5 + 0)*(-69)/m. Let q(p) = 44*p**2 + 3*p + 8. Let c(v) = -15*v**2 - v - 3. Let g(f) = 8*c(f) + 3*q(f). Calculate g(j).
11
Let n(g) be the first derivative of -g**4/4 + 2*g**3 - 3*g**2/2 + 5*g + 3359. Suppose 3*d = 0, -5*t = -0*t + 5*d - 20. What is n(t)?
25
Let m(y) = -5*y**3 + 8*y**2 + 7*y - 10. Let i(c) = -c**3 + c**2 - 1. Let x(r) = -4*i(r) + m(r). Let v = 47 + 3. Let a = -45 + v. Give x(a).
4
Let z(u) be the third derivative of -u**6/120 + u**5/12 + u**4/8 + 5*u**3/3 + 893*u**2. What is z(5)?
25
Let b(i) = -i - 4. Let q be b(0). Let a(h) = 19*h - 11. Let o(f) = f**2 - 227*f + 128. Let w(s) = 12*a(s) + o(s). What is w(q)?
8
Let v(l) = 8*l - 2*l + l. Let t be (-423)/(-188) + ((-9)/6 - (-225)/(-60)). What is v(t)?
-21
Let r(y) = -4*y. Suppose 57 = 11*i - 9*i + 5*x, -3*i - 5*x = -78. Suppose -14*f = -i*f + 21. Determine r(f).
-12
Let s = -143 - -110. Let b = s + 33. Let p be 1/(6/(-24))*(1 - b). Let m(r) = -r + 4. What is m(p)?
8
Suppose 0*z - 134 = -2*z. Let c be (((-2288)/182)/(-44))/(4/938). Let w = z - c. Let v(f) = f**2 - 18. What is v(w)?
-18
Let r(f) = -f**3 - 3*f**2 + f + 9. Let y be r(-4). Let q = y - 19. Suppose 0 = -2*h, q*u + u + h = -27. Let s(j) = j**2 + 8*j - 8. Calculate s(u).
1
Let x(v) = v + 3. Let d(c) = -1. Let f(m) = 5*d(m) - x(m). Let l(a) = -5*a**2 + 478*a + 183. Let u be l(96). Give f(u).
1
Let n(q) = -82*q**3 - 11*q**2 - 6*q - 22. Let x(z) = 9*z**3 + z**2 + z + 2. Let s(h) = n(h) + 9*x(h). Let j be (-1 - -4)*-1 - 1. Give s(j).
16
Let q(v) = v**3 - 10*v**2 - 12*v + 13. Let x be (-6)/12*-1*262. Suppose -32 + x = 9*t. Calculate q(t).
2
Suppose 7*i - 19*i = 0. Suppose -47 = -5*j + 3*z + 3, -j - z + 10 = i. Let q(a) = -a**3 + 9*a**2 + 9*a + 13. Determine q(j).
3
Let r(i) = -26*i + 12. Let s(b) = -38*b + 11. Let j(o) = -4*r(o) + 3*s(o). What is j(0)?
-15
Let h(a) = a**3 + 5*a**2 + 5. Suppose 0 = -5*k - 5*d + 610, -110 = 3*k - 4*k - 4*d. Suppose -29*c = -20*c - k. Suppose 0 = -2*m - c + 4. Determine h(m).
5
Let u(i) = -4*i - 3. Let b = 483 - 307. Let o = b + -171. What is u(o)?
-23
Let m = -2 + 5. Let b(q) = -3 - 4*q - 3 + m. Let f be (214 - 213)*(-1 + -4). What is b(f)?
17
Let x be (-6498)/(-152)*16/3. Suppose 50 = x*u - 218*u. Let i(o) = -2*o + 7. Give i(u).
-3
Let m(c) = 3*c**2 + 37*c - 12. Suppose 0 = 1290*w - 1049*w + 2892. Determine m(w).
-24
Let n(a) = -4*a - 4. Let g be 8 + 318/(-42) + (-66)/7. Let i(p) = -p - 1. Let b(u) = g*i(u) + 2*n(u). What is b(-4)?
-3
Let n(r) = -2*r**2 + 24*r - 47. Let t be 30*242/(-66)*1/(-11). Give n(t).
-7
Let h(n) = 31*n - 14. Let t(m) = 14*m - 6. Let w(q) = -5*h(q) + 11*t(q). Suppose 2*